y 2656.
2477
Calculate the remainder when 266902 is divided by 3216.
3190
What is the remainder when 6218245 is divided by 296?
173
Calculate the remainder when 123628 is divided by 103.
28
What is the remainder when 5052291 is divided by 1531?
1522
What is the remainder when 23121990 is divided by 3853662?
18
What is the remainder when 1568793 is divided by 154?
149
What is the remainder when 963253 is divided by 412?
409
What is the remainder when 146185 is divided by 71305?
3575
Calculate the remainder when 133311 is divided by 12101.
200
Calculate the remainder when 1895292 is divided by 889.
833
What is the remainder when 287518 is divided by 33?
22
What is the remainder when 14556816 is divided by 1006?
1002
Calculate the remainder when 22954 is divided by 128.
42
What is the remainder when 15546 is divided by 155?
46
What is the remainder when 241909 is divided by 13416?
421
Calculate the remainder when 19891 is divided by 1178.
1043
Calculate the remainder when 22590538 is divided by 194746.
2
What is the remainder when 128798 is divided by 560?
558
Calculate the remainder when 1675785 is divided by 201.
48
What is the remainder when 40055 is divided by 1167?
377
Calculate the remainder when 49446355 is divided by 26.
23
Calculate the remainder when 688891 is divided by 4128.
3643
Calculate the remainder when 7993821 is divided by 1598743.
106
Calculate the remainder when 122894 is divided by 40454.
1532
Calculate the remainder when 246697 is divided by 2222.
55
What is the remainder when 488575 is divided by 209?
142
What is the remainder when 150283 is divided by 2221?
1476
What is the remainder when 11449924 is divided by 1297?
8
What is the remainder when 9107054 is divided by 556?
330
What is the remainder when 4787394 is divided by 1249?
1226
Calculate the remainder when 8068110 is divided by 4034050.
10
Calculate the remainder when 341707 is divided by 5792.
5771
Calculate the remainder when 7839788 is divided by 1235.
8
Calculate the remainder when 240401 is divided by 571.
10
Calculate the remainder when 109021589 is divided by 2173.
6
What is the remainder when 52509482 is divided by 965?
937
Calculate the remainder when 2477011 is divided by 24764.
611
Calculate the remainder when 3186105 is divided by 8825.
280
Calculate the remainder when 3988202 is divided by 279.
176
Calculate the remainder when 11263575 is divided by 982.
35
What is the remainder when 612819 is divided by 2127?
243
Calculate the remainder when 12690 is divided by 1431.
1242
Calculate the remainder when 2238 is divided by 1476.
762
What is the remainder when 447505237 is divided by 104?
101
Calculate the remainder when 1338406 is divided by 1132.
382
Calculate the remainder when 10190247 is divided by 212295.
87
Calculate the remainder when 9013 is divided by 4321.
371
What is the remainder when 37201 is divided by 11366?
3103
What is the remainder when 121902053 is divided by 91?
0
What is the remainder when 591917 is divided by 2384?
685
Calculate the remainder when 1267961 is divided by 1035.
86
Calculate the remainder when 1911288 is divided by 186.
138
Calculate the remainder when 142775 is divided by 1658.
187
Calculate the remainder when 11803439 is divided by 171.
164
What is the remainder when 491716 is divided by 5465?
5331
Calculate the remainder when 6534682 is divided by 281.
27
Calculate the remainder when 286007 is divided by 285964.
43
Calculate the remainder when 261585 is divided by 261548.
37
Calculate the remainder when 1019570 is divided by 145649.
27
Calculate the remainder when 40058 is divided by 1418.
354
Calculate the remainder when 75197 is divided by 3771.
3548
Calculate the remainder when 4408728 is divided by 9586.
8754
What is the remainder when 8448756 is divided by 68?
28
What is the remainder when 6787035 is divided by 754113?
18
What is the remainder when 6646964 is divided by 4170?
4154
Calculate the remainder when 528579 is divided by 103953.
8814
Calculate the remainder when 25839384 is divided by 2545.
2544
Calculate the remainder when 146647 is divided by 2841.
1756
Calculate the remainder when 2108993 is divided by 270.
23
Calculate the remainder when 5541948 is divided by 5258.
16
What is the remainder when 64544 is divided by 63135?
1409
What is the remainder when 1080402 is divided by 7400?
2
Calculate the remainder when 1139459 is divided by 2179.
2021
Calculate the remainder when 207337 is divided by 425.
362
What is the remainder when 5879254 is divided by 460?
454
What is the remainder when 81712007 is divided by 4471?
11
Calculate the remainder when 4474841 is divided by 1143.
1139
Calculate the remainder when 24661402 is divided by 20.
2
What is the remainder when 15962 is divided by 14209?
1753
What is the remainder when 22558592 is divided by 148?
136
Calculate the remainder when 29213439 is divided by 464.
463
Calculate the remainder when 7137 is divided by 2264.
345
Calculate the remainder when 62220 is divided by 30977.
266
What is the remainder when 48678360 is divided by 9836?
9832
What is the remainder when 6245074 is divided by 8349?
22
What is the remainder when 2061483 is divided by 1030741?
1
What is the remainder when 1393899 is divided by 348473?
7
Calculate the remainder when 133742 is divided by 330.
92
Calculate the remainder when 2237617 is divided by 423.
370
What is the remainder when 192837 is divided by 14830?
47
Calculate the remainder when 4402383 is divided by 644.
643
What is the remainder when 4507228 is divided by 2493?
2377
Calculate the remainder when 36430 is divided by 189.
142
Calculate the remainder when 2567725 is divided by 135.
25
Calculate the remainder when 2277680 is divided by 12.
8
Calculate the remainder when 3022 is divided by 1036.
950
Calculate the remainder when 492679 is divided by 36.
19
Calculate the remainder when 177919 is divided by 234.
79
Calculate the remainder when 169371 is divided by 690.
321
Calculate the remainder when 2063608 is divided by 19.
18
What is the remainder when 1979294 is divided by 1301?
473
Calculate the remainder when 118859 is divided by 603.
68
What is the remainder when 299557 is divided by 1017?
559
Calculate the remainder when 18298320 is divided by 13.
1
What is the remainder when 1565253 is divided by 434?
249
Calculate the remainder when 757281 is divided by 37861.
61
What is the remainder when 3429 is divided by 558?
81
What is the remainder when 141679 is divided by 187?
120
What is the remainder when 92577253 is divided by 241?
236
Calculate the remainder when 20423469 is divided by 127.
91
What is the remainder when 1581043 is divided by 3287?
3283
Calculate the remainder when 3812520 is divided by 190624.
40
What is the remainder when 605573 is divided by 9316?
33
Calculate the remainder when 30127 is divided by 10039.
10
Calculate the remainder when 20912 is divided by 1972.
1192
What is the remainder when 173093 is divided by 12699?
8006
Calculate the remainder when 3341608 is divided by 175851.
439
Calculate the remainder when 17811252 is divided by 356225.
2
What is the remainder when 172806 is divided by 1428?
18
What is the remainder when 42974624 is divided by 38681?
33
What is the remainder when 197400877 is divided by 2129?
2126
Calculate the remainder when 3836909 is divided by 119899.
141
What is the remainder when 540413 is divided by 180055?
248
Calculate the remainder when 4932097 is divided by 43.
40
Calculate the remainder when 41490145 is divided by 68.
13
Calculate the remainder when 491240 is divided by 3149.
3145
What is the remainder when 4508 is divided by 104?
36
What is the remainder when 344416 is divided by 11108?
68
Calculate the remainder when 13399631 is divided by 251.
247
Calculate the remainder when 299007 is divided by 37024.
2815
Calculate the remainder when 418888 is divided by 3173.
52
Calculate the remainder when 171945 is divided by 99.
81
Calculate the remainder when 27357 is divided by 2119.
1929
Calculate the remainder when 371726 is divided by 3320.
3206
Calculate the remainder when 421243 is divided by 295.
278
What is the remainder when 87437 is divided by 63?
56
What is the remainder when 492887 is divided by 7949?
49
What is the remainder when 501384 is divided by 93